git of j?
4
Suppose 4 = -2*y, 0 = 3*r - 0*r + 2*y + 25. Let a(j) = j**3 + 4*j**2 - 9*j - 14. Let o be a(-5). Let i = o - r. What is the tens digit of i?
1
Let g(i) be the third derivative of -i**6/120 - i**5/12 + i**4/6 - 7*i**3/6 + 2*i**2. Let q be g(-6). What is the units digit of q/25 - 34/(-5)?
7
Suppose l - 4644 = -5*d + 4*l, 5*d + 5*l - 4620 = 0. What is the tens digit of d?
2
Let d(x) be the third derivative of x**5/12 + x**4/12 + x**3/3 - 4*x**2. What is the tens digit of d(-3)?
4
Let u = 1818 - 1171. What is the hundreds digit of u?
6
Let j(a) = -2*a - 8. Let p be 9/6 + (-13)/2. Let l be j(p). Suppose 3*h - 4*w - 115 = -l*w, -3*h - w = -109. What is the units digit of h?
7
Let y(j) = -j**2 + 4*j - 1. Let k be y(3). Suppose k*r = r + 35. Suppose 0 = 3*x, d - x = -4*x + r. What is the tens digit of d?
3
Let s(m) = m**3 + 11*m**2 - 14*m + 12. Suppose -z = 2*n + n + 3, 5*z - 2*n + 66 = 0. What is the tens digit of s(z)?
3
Let k = 1136 + -764. Suppose 9*a - 5*a - k = 0. What is the tens digit of a?
9
Let n be ((-36)/10 + 0)*(-35)/14. Let w(m) = 14*m - 18. What is the units digit of w(n)?
8
Let v(h) be the third derivative of 0 + 7/60*h**5 - 1/6*h**4 - 6*h**2 + 0*h + 1/3*h**3 + 1/120*h**6. What is the units digit of v(-7)?
0
Let n(s) = s**3 + 27*s**2 + 19*s - 79. What is the units digit of n(-25)?
6
Let m(w) be the third derivative of -w**5/60 + 7*w**4/8 - 3*w**3/2 + 7*w**2. Suppose -4*c - 7 = -2*o + c, 4*c - 84 = -4*o. What is the tens digit of m(o)?
7
Suppose -3*x = -4*r + 22, 4*r - 12 = 2*x + 8. Suppose -4*n + 424 = n - r*d, 0 = 5*n + 2*d - 418. What is the units digit of n?
4
What is the hundreds digit of 3/7 + ((-1354700)/35)/(-10)?
8
What is the thousands digit of (-8)/((-16)/(-10)) + 1281 - 2?
1
Let g be 24 + 8/(-2) + 4. What is the units digit of g/1*3*(-8)/(-9)?
4
Suppose 3*j = -5*k + k, 0 = 2*k - 3*j. Suppose o + k*o = 45. What is the units digit of o/6 + 3/2?
9
Suppose 0 = -5*j + 4*j + 152. What is the tens digit of j/32*(9 - 1)?
3
Let i(m) = -5*m**2 + 6*m - 11. Let c(n) = -11*n**2 + 12*n - 22. Let u(q) = 6*c(q) - 13*i(q). What is the units digit of u(-4)?
9
Let d(i) = i**3 - 14*i**2 - 8*i - 41. What is the units digit of d(23)?
6
Let v(m) = -m**3 - 17*m**2 + 17*m + 62. What is the units digit of v(-19)?
1
Let s(z) = 1057*z**3 - 2*z**2 + 3*z - 1. What is the thousands digit of s(1)?
1
Suppose 6*s + 36 = 228. Suppose p = -4*f - f + s, 5*f - p = 28. What is the units digit of f?
6
Suppose -10*h + 10 = -5*h. Let k = 58 + -26. Suppose h*q + 2*o + 0*o - 68 = 0, -k = -q + o. What is the units digit of q?
3
Let x(r) = -r**3 + 7*r**2 + 9*r + 19. What is the hundreds digit of x(-6)?
4
Let t = 14 + -13. Suppose -i - 4*a - t = -3, -i - 2*a + 2 = 0. What is the tens digit of 158/6 - i/(-3)?
2
Let h(d) = 8*d - 107. Let o be h(10). Suppose k - 185 = -4*w, 5*w - 99 = 3*k + 128. Let z = o + w. What is the units digit of z?
9
Let h(n) be the second derivative of -13*n**3/6 + 9*n**2/2 + 14*n. What is the tens digit of h(-6)?
8
Let b(u) be the third derivative of 7*u**5/60 - u**4/12 - u**3/6 - 8*u**2. What is the tens digit of b(3)?
5
Suppose 0 = -3*i + t + 2, 0*t + t + 2 = i. Let q be 1/3*(75 + i). Suppose m - 11 = -o, 0 = 3*m - 4*o - o - q. What is the units digit of m?
0
Suppose -8 = -4*l + 12, 558 = i + 5*l. What is the tens digit of i?
3
Let x(y) = -2*y - 6. Let r = 14 - 22. Let u be x(r). Let p = 12 - u. What is the units digit of p?
2
Suppose -550 = 11*c - c. Let q = c + 64. What is the units digit of q?
9
Let s = -5 - -2. What is the units digit of -24*(s - (0 - (-8)/12))?
8
Let r(p) = -3*p**3 - 1. Let j be r(-1). Suppose 2*i = -6, -3*q + 170 = q + j*i. Suppose 2*m = -0*m + q. What is the units digit of m?
2
Let s(h) = -4*h + 108. What is the tens digit of s(19)?
3
What is the units digit of (-40)/(-1)*(-2 + (-75)/(-12))?
0
Let a(x) be the second derivative of 3/2*x**2 + 5/12*x**4 + 1/20*x**5 + x + 0 + 1/2*x**3. What is the units digit of a(-3)?
2
What is the tens digit of 1/((-1)/652)*(-46)/92?
2
Suppose 2*d + 245 = x, 4*d - 652 = -4*x + 328. Let r = x - 168. What is the units digit of r?
7
Let v = 794 - 279. What is the units digit of v?
5
Let z be (-50)/4*224/(-35). Suppose 55 + z = 5*x. Suppose -3*t - 4*h - x + 97 = 0, 0 = -3*t + 2*h + 64. What is the tens digit of t?
2
Let i(s) = 12*s**3 + 5. Let x(c) = c**2 + 3*c - 2. Let p be x(-4). What is the units digit of i(p)?
1
Suppose 0 = 179*b - 165*b - 26180. What is the tens digit of b?
7
Suppose -10*r - 5 = -5*r. Let l(p) = 17*p**2 - p. What is the units digit of l(r)?
8
Let d(g) = -g**2 - 7*g - 18. Let s be d(-3). Let f(l) = -37*l - 39. What is the hundreds digit of f(s)?
1
Suppose 2*o + 10*o - o = 0. Suppose o = -p + 100 + 33. What is the tens digit of p?
3
Let o be 674/10 - 6/45*3. Let h = 30 + o. What is the tens digit of h?
9
Let h be (1/3)/(-1)*-6. Suppose -5*x - 252 = -h*z - x, 123 = z - x. Suppose 0 = -5*c - 5*q + z, -83 = -3*c - q - 15. What is the units digit of c?
2
Suppose -2*f + 3*f - 47 = -2*m, -2*m + f + 49 = 0. Suppose -o = -83 + m. What is the units digit of o?
9
What is the units digit of -5 + (75 + -9 - -8)?
9
What is the hundreds digit of (-31 - -30)/((-2)/1354)?
6
Suppose 2*t = 10*t - 24. Suppose -2*w + 8*p = t*p - 81, -4*w + 3*p + 197 = 0. What is the units digit of w?
3
Let u be 147/(-14)*(-4)/6. What is the hundreds digit of ((-3)/(-9))/((u/(-645))/(-7))?
2
Let a be (-2)/((-2)/(-63)*-3). Suppose -3*i + a = -3*n, -n = 5*i + 2*n - 51. What is the tens digit of (12/6)/(1/i)?
1
Suppose 25 = 2*n + 3*n. Let x(u) = u**3 - 6*u**2 - 6*u - 3. Let s be x(7). Suppose f = -s*b - 2*f + 24, -b - f = -n. What is the units digit of b?
9
Suppose 7*h - 243 = 2816. What is the units digit of h?
7
Let x be 2/(-4) - (-6)/12. Suppose x = -2*t - o + 6, 0 = o - 3*o - 4. Suppose -2*z + t*z = -5*b + 95, b - 2*z = 31. What is the units digit of b?
1
Suppose 2*f - 2829 = -r, 3*r = 47*f - 42*f - 7045. What is the thousands digit of f?
1
Let g = 1 - -8. Suppose 6*r - g = 243. What is the units digit of r?
2
Suppose -2*o - 19901 = -5*q, -3*q = -2*o + 7*o - 11953. What is the thousands digit of q?
3
Let x(c) be the first derivative of 11*c**3/3 + 3*c**2/2 + 2*c + 2. Let r = 157 - 159. What is the tens digit of x(r)?
4
Suppose -5*u = -5*p + 7460, 4*p + 3*u - 5938 = u. What is the hundreds digit of p?
4
Let k be (-52)/(-6) - 5/(-15). Let x be (15/2)/(k/54). Suppose -3*t = -b - x, -3*t = 5*b + 23 - 86. What is the tens digit of t?
1
Suppose -7*h + 8*h - 24 = 2*q, 0 = -h - q + 39. What is the units digit of h?
4
Let r(l) = 286*l + 744. What is the thousands digit of r(4)?
1
Suppose 2*n + 5*t - 3690 = 0, -4*n - 4*t + 7392 = -0*t. What is the hundreds digit of n?
8
Let u = 2099 + -1118. What is the hundreds digit of u?
9
Suppose -4*y + 302 = i - 873, 0 = -y + 5*i + 278. What is the hundreds digit of y?
2
Let c(l) = -l**2 + 4*l + 2. Let j be c(4). Suppose 4*t + u = -j*u + 5, u = -t. Suppose 4*r = t + 3. What is the units digit of r?
2
Let b(j) = -j**3 + 0 - 6 - j + 7*j**2 + 4 - 1. Let v be b(6). What is the units digit of v - 8/(16/4)?
5
Suppose 67*x - 72*x + 85 = 0. Suppose -6*w + 45 = -w. Let t = x - w. What is the units digit of t?
8
Suppose -5*x = -i - 13, 3*x - 8 - 7 = 3*i. Let o be x/((20/8)/5). Suppose -107 = -o*n - m, -3*n + 5*m - 87 = -7*n. What is the tens digit of n?
2
Suppose -39*r = -38*r. Let b = 9 - r. What is the units digit of b?
9
Let c be 4/(-10) + 774/(-90). Let x be 0/(c/3 - 1). Suppose -2*b + x*b = -76. What is the units digit of b?
8
Let f(v) = -6*v**3 - 7*v**2 - 8*v - 10. What is the tens digit of f(-4)?
9
Let k(s) = 568*s + 567. What is the tens digit of k(4)?
3
Let n(z) = -z**2 - 13*z + 5. Suppose -k - 21 = 2*k. What is the units digit of n(k)?
7
Suppose 0 = 2*v - 392 - 476. What is the units digit of v?
4
Let n(q) = 14*q + 10. Let l be n(-8). Let c = l + 179. What is the units digit of c?
7
Let s(w) = -7*w + 6. Let d be s(-4). Suppose -5*n + 446 + d = 0. What is the tens digit of n?
9
Suppose u + q + 8 = -2*q, -4*u - 3*q = -4. What is the hundreds digit of 6072/55 + u/(-10) + 4?
1
Let i = -5 + 6. Suppose r - 7 = -i. Suppose 2*y = r*m - 2*m + 114, -m + 150 = 3*y. What is the tens digit of y?
5
Let c be 52/14 - 4/(-14). Suppose -2*u + 4*u + 5 = -5*m, 0 = -c*m - 12. Suppose -3